f 17?
True
Does 93 divide 5542056?
True
Is 208 a factor of 714306?
False
Does 45 divide 160901?
False
Is 45181 a multiple of 9?
False
Is 34 a factor of 32912?
True
Is 47000 a multiple of 20?
True
Is 87269 a multiple of 27?
False
Is 1907751 a multiple of 73?
False
Is 6071807 a multiple of 11?
False
Is 30 a factor of 1882650?
True
Does 14 divide 195769?
False
Is 1354189 a multiple of 43?
False
Does 24 divide 5430958?
False
Is 686782 a multiple of 8?
False
Is 19668902 a multiple of 9?
False
Is 20 a factor of 591043?
False
Is 148 a factor of 13804169?
False
Is 495989 a multiple of 7?
False
Does 109 divide 2651761?
False
Is 110220 a multiple of 66?
True
Does 3 divide 52260?
True
Does 383 divide 600308?
False
Is 13 a factor of 2483?
True
Is 35 a factor of 278285?
True
Does 28 divide 231612?
False
Is 9670671 a multiple of 1377?
True
Is 18 a factor of 13806?
True
Is 5 a factor of 68105?
True
Is 3611952 a multiple of 972?
True
Is 77 a factor of 41657?
True
Is 8292447 a multiple of 20?
False
Does 63 divide 15120?
True
Is 103 a factor of 195597?
True
Is 258443 a multiple of 2?
False
Does 7 divide 1307020?
False
Is 278 a factor of 240001?
False
Is 14 a factor of 105310?
False
Is 171441 a multiple of 626?
False
Does 36 divide 1247004?
True
Is 1246852 a multiple of 26?
False
Does 1653 divide 2925810?
True
Is 17416480 a multiple of 796?
True
Is 233 a factor of 109976?
True
Is 6 a factor of 32101?
False
Is 82 a factor of 98892?
True
Is 867997 a multiple of 13?
True
Is 412119 a multiple of 5?
False
Is 1609565 a multiple of 445?
True
Does 60 divide 474540?
True
Is 36883 a multiple of 60?
False
Does 35 divide 284474?
False
Is 101042 a multiple of 204?
False
Does 102 divide 490641?
False
Does 15 divide 7614088?
False
Is 149 a factor of 5855583?
False
Is 107 a factor of 16094?
False
Is 1079979 a multiple of 33?
False
Does 20 divide 18224332?
False
Is 3106227 a multiple of 17?
False
Does 11 divide 12473945?
True
Is 286540 a multiple of 20?
True
Does 11 divide 569767?
True
Does 10 divide 1741874?
False
Is 13 a factor of 61579?
False
Does 138 divide 119922?
True
Does 86 divide 207604?
True
Is 8 a factor of 237077?
False
Is 198564 a multiple of 28?
False
Does 18 divide 268104?
False
Is 343 a factor of 18734317?
True
Is 6312 a multiple of 24?
True
Is 28 a factor of 6768?
False
Is 1375771 a multiple of 37?
True
Is 1515462 a multiple of 26?
True
Does 41 divide 461660?
True
Is 105 a factor of 124493?
False
Is 227493 a multiple of 17?
False
Does 155 divide 42995?
False
Is 12 a factor of 13356?
True
Is 4931308 a multiple of 15?
False
Is 67411 a multiple of 356?
False
Is 78 a factor of 13431938?
False
Is 21 a factor of 4277847?
True
Does 12 divide 7076?
False
Is 7111439 a multiple of 46?
False
Is 15 a factor of 2645565?
True
Is 5 a factor of 6140?
True
Is 902671 a multiple of 20?
False
Is 70 a factor of 7229797?
False
Is 2071493 a multiple of 5?
False
Does 13 divide 14659?
False
Is 3951 a multiple of 2?
False
Is 483920 a multiple of 115?
True
Is 3593909 a multiple of 16?
False
Is 30112 a multiple of 8?
True
Does 330 divide 720390?
True
Does 67 divide 317379?
True
Is 67841 a multiple of 13?
False
Is 80870 a multiple of 19?
False
Is 4240 a multiple of 2?
True
Is 313716 a multiple of 13?
True
Does 1201 divide 948790?
True
Does 12 divide 1750068?
True
Is 5703048 a multiple of 47?
False
Is 6 a factor of 1779228?
True
Does 15 divide 96735?
True
Does 105 divide 108498?
False
Does 82 divide 28602?
False
Is 502 a factor of 372396?
False
Is 98462 a multiple of 20?
False
Does 624 divide 99840?
True
Is 58 a factor of 3843455?
False
Is 3 a factor of 882458?
False
Is 108 a factor of 171180?
True
Is 5951407 a multiple of 15?
False
Is 4 a factor of 175120?
True
Does 90 divide 753689?
False
Is 72 a factor of 12672?
True
Does 1367 divide 3817509?
False
Does 49 divide 41993?
True
Is 101 a factor of 264814?
False
Is 243 a factor of 119313?
True
Is 1482420 a multiple of 20?
True
Does 60 divide 2670723?
False
Is 2741730 a multiple of 421?
False
Does 178 divide 33820?
True
Is 85 a factor of 3078360?
True
Is 64 a factor of 449792?
True
Is 88192 a multiple of 106?
True
Does 19 divide 410742?
True
Is 70 a factor of 1276272?
False
Is 10 a factor of 4030?
True
Is 9465935 a multiple of 5?
True
Does 122 divide 52704?
True
Does 57 divide 499320?
True
Is 174908 a multiple of 51?
False
Is 52285 a multiple of 4?
False
Is 267660 a multiple of 12?
True
Is 67 a factor of 185858?
True
Is 410 a factor of 3393154?
False
Is 820881 a multiple of 50?
False
Does 111 divide 118088?
False
Is 414 a factor of 377222?
False
Is 170 a factor of 3964673?
False
Does 41 divide 578521?
False
Is 94 a factor of 126643?
False
Is 4540917 a multiple of 89?
False
Is 6290614 a multiple of 149?
False
Is 542847 a multiple of 649?
False
Is 177 a factor of 5667894?
True
Is 171 a factor of 4763718?
True
Is 9 a factor of 169929?
True
Is 14332 a multiple of 3?
False
Does 18 divide 200499?
False
Does 167 divide 52576?
False
Is 12 a factor of 1165776?
True
Is 418 a factor of 266684?
True
Does 12 divide 47400?
True
Does 199 divide 10194571?
True
Is 35 a factor of 10185910?
True
Does 63 divide 713304?
False
Is 27940 a multiple of 55?
True
Does 1353 divide 20915486?
False
Is 2010752 a multiple of 368?
True
Is 19152 a multiple of 18?
True
Is 11 a factor of 49489?
True
Is 141928 a multiple of 157?
True
Does 8 divide 16022?
False
Is 4959 a multiple of 9?
True
Is 32 a factor of 92542?
False
Does 2 divide 108158?
True
Is 100110 a multiple of 10?
True
Is 66 a factor of 5015772?
False
Does 47 divide 5252870?
False
Is 74128 a multiple of 41?
True
Is 5 a factor of 213260?
True
Does 365 divide 717991?
False
Is 147133 a multiple of 14?
False
Is 24120 a multiple of 134?
True
Is 45 a factor of 14637?
False
Is 77 a factor of 269423?
True
Does 51 divide 245296?
False
Does 274 divide 30108764?
True
Is 175850 a multiple of 50?
True
Does 118 divide 2696064?
True
Is 10 a factor of 10514543?
False
Does 13 divide 494342?
False
Is 230615 a multiple of 11?
True
Is 86846 a multiple of 11?
False
Does 25 divide 1359388?
False
Does 20 divide 2194331?
False
Does 269 divide 590841?
False
Does 6 divide 2295966?
True
Is 344291 a multiple of 118?
False
Does 287 divide 143623?
False
Does 1526 divide 3963022?
True
Does 934 divide 3462338?
True
Is 6 a factor of 5699398?
False
Is 1820495 a multiple of 19?
False
Does 3 divide 781090?
False
Is 1279 a factor of 8639572?
False
Does 495 divide 1766564?
False
Does 633 divide 7891611?
True
Does 70 divide 50400?
True
Is 23 a factor of 955972?
True
Is 990774 a multiple of 303?
False
Does 22 divide 404140?
True
Is 206593 a multiple of 20?
False
Does 691 divide 465581?
False
Is 14 a factor of 18273696?
True
Does 221 divide 94588?
True
Does 4 divide 455944?
True
Does 275 divide 4577925?
True
Does 6 divide 1966920?
True
Is 30 a factor of 2414130?
True
Is 50 a factor of 634250?
True
Is 31289211 a multiple of 62?
False
Is 31 a factor of 24936?
False
Does 31 divide 236592?
True
Is 15060859 a multiple of 108?
False
Is 38860 a multiple of 105?
False
Is 138452 a multiple of 93?
False
Is 83868 a multiple of 126?
False
Is 97 a factor of 224749?
True
Is 71831 a multiple of 127?
False
Does 27 divide 367011?
True
Does 6 divide 200946?
True
Is 177 a factor of 260975?
False
Does 146 divide 12915723?
False
Is 15 a factor of 141055?
False
Is 1187505 a multiple of 11?
True
Does 22 divide 1502187?
False
Does 29 divide 9119485?
True
Is 5 a factor of 6203315?
True
Is 94860 a multiple of 15?
True
Is 9036988 a multiple of 62?
False
Is 4621028 a multiple of 76?
True
Is 152 a factor of 1567222?
False
Does 8 divide 400440?
True
Is 187 a factor of 3739252?
True
Does 571 divide 23430985?
True
Is 156825 a multiple of 205?
True
Does 509 divide 817906?
False
Does 77 divide 318549?
True
Is 25 a factor of 685150?
True
Is 47 a factor of 432118?
True
Is 14 a factor of 340928?
True
Is 1168262 a multiple of 253?
False
Does 250 divide 310340?
False
Does 9 divide 83949?
False
Does 14 divide 368781?
False
Is 8 a factor of 111974?
False
Is 149 a factor of 209494?
True
Does 6 divide 5465?
False
Is 11 a factor of 287092?
False
Is 1756915 a multiple of 6?
False
Is 11589209 a multiple of 17?
False
Is 1630035 a multiple of 111?
True
Does 524 divide 2661782?
False
Does 55 divide 46225